he prime factors of 87895612.
2, 7, 43, 10429
What are the prime factors of 82933805?
5, 79, 209959
List the prime factors of 290967839.
290967839
List the prime factors of 297527129.
297527129
What are the prime factors of 2074477756?
2, 13, 2383, 16741
List the prime factors of 1485086452.
2, 371271613
What are the prime factors of 144679994?
2, 72339997
List the prime factors of 3163880491.
31, 89, 641, 1789
What are the prime factors of 7482867?
3, 7, 356327
List the prime factors of 23757789.
3, 11, 17, 42349
What are the prime factors of 471878783?
471878783
What are the prime factors of 104231228?
2, 26057807
List the prime factors of 836795014.
2, 11, 449, 84713
What are the prime factors of 3683864938?
2, 13, 141687113
What are the prime factors of 60919768?
2, 7, 13, 41, 157
What are the prime factors of 33857035?
5, 23, 37, 73, 109
List the prime factors of 91520702.
2, 7, 13, 502861
List the prime factors of 70921329.
3, 2861, 8263
List the prime factors of 2164971288.
2, 3, 90207137
What are the prime factors of 2767282990?
2, 5, 113, 1039, 2357
What are the prime factors of 3112491793?
3112491793
What are the prime factors of 29400548?
2, 17, 29, 877
What are the prime factors of 181896735?
3, 5, 12126449
List the prime factors of 93937600.
2, 5, 58711
What are the prime factors of 12785638?
2, 6392819
What are the prime factors of 81088178?
2, 83, 193, 2531
What are the prime factors of 214964189?
11, 41, 476639
List the prime factors of 170387041.
11, 19, 151, 5399
What are the prime factors of 37914574?
2, 1733, 10939
What are the prime factors of 839597132?
2, 11, 19081753
List the prime factors of 724208314.
2, 23, 107, 147137
List the prime factors of 30229774.
2, 17, 23, 29, 31, 43
What are the prime factors of 260555590?
2, 5, 26055559
What are the prime factors of 7899798?
2, 3, 17, 41, 1889
List the prime factors of 113261352.
2, 3, 31, 41, 47, 79
List the prime factors of 733027681.
10337, 70913
List the prime factors of 4416115530.
2, 3, 5, 147203851
List the prime factors of 1412752679.
13, 108673283
List the prime factors of 1410183395.
5, 601, 469279
What are the prime factors of 132511778?
2, 7, 1049, 1289
List the prime factors of 758680601.
7, 127, 173, 4933
List the prime factors of 71786449.
7, 41, 389, 643
List the prime factors of 2382835610.
2, 5, 47, 5069863
List the prime factors of 487840933.
139, 227, 15461
What are the prime factors of 518058660?
2, 3, 5, 7, 1233473
What are the prime factors of 4998582?
2, 3, 137, 2027
List the prime factors of 7419183646.
2, 7, 23, 89, 258887
List the prime factors of 895574844.
2, 3, 24877079
List the prime factors of 8570693997.
3, 41, 2580757
What are the prime factors of 94218963?
3, 191, 164431
List the prime factors of 57673572.
2, 3, 11, 661
What are the prime factors of 827019135?
3, 5, 18378203
What are the prime factors of 6416891?
13, 493607
What are the prime factors of 320464393?
19, 71, 12503
List the prime factors of 116246557.
7, 47, 353333
List the prime factors of 326813926.
2, 127, 1286669
What are the prime factors of 2256002?
2, 7, 17, 9479
List the prime factors of 33158746.
2, 61, 191, 1423
List the prime factors of 1026389176.
2, 37, 3467531
List the prime factors of 4680110037.
3, 167, 457, 20441
What are the prime factors of 15375371?
11, 1397761
What are the prime factors of 905405881?
905405881
List the prime factors of 31201099.
31201099
List the prime factors of 2761606139.
31, 1423, 62603
What are the prime factors of 5874229471?
11, 48547351
What are the prime factors of 69764082?
2, 3, 29, 400943
What are the prime factors of 536681973?
3, 2939, 60869
List the prime factors of 632796785.
5, 126559357
List the prime factors of 532490893.
11, 257, 188359
What are the prime factors of 219021555?
3, 5, 14601437
List the prime factors of 805110965.
5, 161022193
List the prime factors of 370772842.
2, 11, 53, 317987
List the prime factors of 32214136.
2, 67, 60101
List the prime factors of 10154723.
1487, 6829
What are the prime factors of 7384732?
2, 17, 131, 829
What are the prime factors of 56484897?
3, 7, 17, 3229
List the prime factors of 1997005655.
5, 41, 577, 16883
List the prime factors of 95245015.
5, 191, 99733
List the prime factors of 747425624.
2, 11, 31, 83, 3301
What are the prime factors of 21624199?
1019, 21221
What are the prime factors of 130632615?
3, 5, 233, 4153
List the prime factors of 399593445.
3, 5, 26639563
List the prime factors of 344046141.
3, 38227349
List the prime factors of 3505422113.
73, 181, 359, 739
What are the prime factors of 294125941?
294125941
List the prime factors of 1156936028.
2, 109, 151, 17573
List the prime factors of 90336384.
2, 3, 8713
List the prime factors of 5238917464.
2, 11, 3253, 18301
List the prime factors of 530484333.
3, 176828111
What are the prime factors of 123759485?
5, 499, 49603
What are the prime factors of 6446462934?
2, 3, 17, 6779, 9323
What are the prime factors of 371950060?
2, 5, 277, 67139
What are the prime factors of 3713741704?
2, 464217713
What are the prime factors of 922960559?
922960559
What are the prime factors of 1452842829?
3, 701, 230281
List the prime factors of 8138735691.
3, 31, 127, 689081
What are the prime factors of 26788953?
3, 29, 307919
What are the prime factors of 337111490?
2, 5, 19, 1774271
List the prime factors of 1843825377.
3, 16229, 37871
List the prime factors of 26149061.
47, 271, 2053
What are the prime factors of 118072866?
2, 3, 41, 479971
List the prime factors of 69834469.
69834469
List the prime factors of 239508270.
2, 3, 5, 191, 13933
What are the prime factors of 2577022176?
2, 3, 37, 163, 4451
What are the prime factors of 3424453613?
7, 489207659
List the prime factors of 403065492.
2, 3, 33588791
List the prime factors of 145000596.
2, 3, 13, 67, 13873
What are the prime factors of 444988297?
13, 34229869
List the prime factors of 3864014732.
2, 966003683
List the prime factors of 82223810.
2, 5, 307, 26783
What are the prime factors of 141356101?
71, 569, 3499
List the prime factors of 139494329.
13, 37, 79, 3671
List the prime factors of 568138854.
2, 3, 94689809
List the prime factors of 215196494.
2, 107598247
What are the prime factors of 7712478?
2, 3, 428471
What are the prime factors of 407801165?
5, 61, 383, 3491
List the prime factors of 397990066.
2, 198995033
List the prime factors of 228090511.
11, 443, 46807
What are the prime factors of 98377646?
2, 53, 241, 3851
What are the prime factors of 258461845?
5, 19, 1607, 1693
List the prime factors of 87331364.
2, 21832841
List the prime factors of 751265045.
5, 193, 778513
What are the prime factors of 8903803323?
3, 2967934441
What are the prime factors of 1251536416?
2, 13, 67, 83, 541
What are the prime factors of 3711782?
2, 1855891
List the prime factors of 51890175.
3, 5, 211, 1093
List the prime factors of 846147764.
2, 7, 11, 521, 5273
What are the prime factors of 61668566?
2, 19, 23, 37, 1907
What are the prime factors of 28626462?
2, 3, 241, 6599
What are the prime factors of 301287915?
3, 5, 31, 6967
List the prime factors of 706205535.
3, 5, 7, 29, 231923
What are the prime factors of 562220614?
2, 43, 937, 6977
What are the prime factors of 557847604?
2, 31, 73, 61627
List the prime factors of 90666272.
2, 2833321
What are the prime factors of 36226592?
2, 17, 66593
What are the prime factors of 42894580?
2, 5, 2144729
List the prime factors of 146772030.
2, 3, 5, 4892401
What are the prime factors of 204999556?
2, 51249889
What are the prime factors of 3081780615?
3, 5, 419, 490339
What are the prime factors of 353383678?
2, 176691839
List the prime factors of 4642554433.
11, 422050403
List the prime factors of 129109419.
3, 23, 623717
List the prime factors of 219551156.
2, 11, 19, 262621
What are the prime factors of 357184003?
11, 32471273
List the prime factors of 57842772.
2, 3, 13, 17, 1283
What are the prime factors of 1636252?
2, 409063
What are the prime factors of 108962165?
5, 13, 61, 27481
List the prime factors of 113290475.
5, 4531619
List the prime factors of 250001656.
2, 43, 67, 10847
List the prime factors of 291581517.
3, 2677, 36307
List the prime factors of 231447568.
2, 11, 997, 1319
What are the prime factors of 17